r?
True
Suppose 0 = -2*b + 6*b - 388. Suppose 3*s + 2*h + 34 = s, -5*s - 2*h - b = 0. Is (-3 + 0/2)/(s/133) composite?
False
Suppose 4*r - 10*r - 12 = 0. Is (-70131)/(-9) - 4/(-6) - r a prime number?
False
Let k(s) = -s**3 + 88*s**2 + 35*s + 1417. Is k(69) a prime number?
True
Is (-237)/3*(-1373 + 4 + 8) a composite number?
True
Let k be (2583/42)/(((-21)/(-1590))/(-7)). Let i = -11218 - k. Is i a composite number?
False
Let g(r) = -28*r**2 - 21*r + 3*r**3 + 10 - 4*r**3 + 15*r**2. Let i be g(-11). Let v(j) = -494*j**3 - 2*j**2 - j. Is v(i) prime?
False
Let q = -217 + 213. Is q - 30/(11/((-34155)/10)) composite?
False
Let m = 25 - 28. Let y(o) = 2*o**2 + 3*o - 3. Let i be y(m). Suppose 0 = p + 5*c - 1398, i*c = 5*p + 2*c - 6845. Is p a prime number?
True
Let o(d) = -53*d**3 + 6*d**2 - 6*d + 75. Is o(-16) prime?
False
Is 16/(-44) + (-1774621850)/(-2090) composite?
True
Let d(b) = 8218*b - 6995. Is d(9) prime?
False
Let c(m) = -126594*m - 281. Is c(-1) a composite number?
True
Suppose 20*a = -5*a + 1033575. Is a a composite number?
True
Let u be 2/(-5) + 12 + (-153)/(-45). Let t(v) = v + 1 + 6*v**2 - 5 + 0*v. Is t(u) prime?
True
Let c be ((-10)/((-35)/7))/((-1)/71). Let z = c + 134. Is z/60 - (-21574)/30 prime?
True
Let j be -1*(2 + 0) + 0. Let x be (5 - -11)*j/(-4). Is (11 - x) + 31*4 a prime number?
True
Let h(a) = -5797*a - 150. Is h(-9) composite?
True
Let u be -1 - (-3)/((-6)/4*2). Let c be 8/4*(u/(-2) - 0). Is ((-2552)/(-7 + 3))/c a prime number?
False
Let q = 317324 + -223537. Is q prime?
True
Let q = -11297 + 17383. Suppose 4*a = 16, 0 = 2*o + 5*a - a - q. Is o prime?
False
Suppose 3*h - 5*h + 10 = 0. Suppose 0 = h*z - z. Suppose 471 = -z*y + 3*y. Is y composite?
False
Is (-35)/28*(-4)/1 - -22022 a prime number?
True
Let a(t) = 49*t**3 + 8*t**2 + 10*t + 16. Let s be a(10). Suppose -5*y + 0*n + 3*n = -83188, -5*n - s = -3*y. Is y composite?
True
Let v = -5735 + 10365. Suppose -v - 5790 = -4*g. Is g composite?
True
Let w be 1989/5 - (95/25 - 4). Let k = -235 + w. Is (-63)/21*k/(-3) a prime number?
True
Let j be -9*(92/(-12) + 5). Is ((-1941)/(-4))/(j/160) prime?
False
Let o(n) = 72*n**3 - 14*n**2 + 48*n - 267. Is o(14) a prime number?
True
Suppose -4*u = 4*s - 8, -5*u + 0*u + 10 = -2*s. Suppose s = 5*q + 1082 + 198. Let n = -97 - q. Is n a composite number?
True
Suppose -440 = -q - 433, -q = -n + 70816. Is n prime?
True
Is (((-2)/(-2))/1)/((-3)/9) - -195596 prime?
True
Suppose 0 = 3*v - 2*v. Suppose u + v*u = -22. Is (-33)/u*94/3 composite?
False
Let a(k) = -29638*k - 3559. Is a(-5) composite?
True
Let k(d) = 326*d**2 - 30*d + 89. Suppose 0 = -8*h + 18 + 6. Is k(h) a composite number?
True
Suppose 4*c + 2 - 10 = 0. Let w(u) = 129*u + 42 + c*u - 84. Is w(5) composite?
False
Let t be (18/27)/(1/12). Suppose t*n - 27675 = 8701. Is n composite?
False
Let t = -45406 + 25041. Let q = -6356 - t. Suppose -6236 = -5*f + q. Is f prime?
True
Suppose 2*n = -6*n + 80. Let d(c) = -6 - 7 + 8*c**2 - 4 + n*c. Is d(6) a prime number?
True
Suppose -2566 = 32*w - 71334. Is w composite?
True
Let p(f) = 3118*f - 182. Let n be p(5). Let q = n + -6379. Is q prime?
True
Let u(f) = -712*f + 1243. Is u(-30) a composite number?
True
Suppose 2*s - 3*a = -14915, 5*a = 5*s - 0*a + 37285. Let k = s - -13959. Is k composite?
True
Suppose -4*w + 2*l = 1334 + 780, w + 531 = 3*l. Let o be (-19 + 1)/18*2009. Let g = w - o. Is g prime?
True
Suppose -q = -4*x + 62924, -4*q = 3*x - 6*q - 47193. Let p = x + -10218. Is p a prime number?
False
Let a(u) = -u**2 - 3*u + 31. Let r be a(-8). Let n = r + 14. Suppose -3719 = -n*v - 3*z - 0*z, 3*v = -z + 2233. Is v composite?
True
Is (301031 - (1 + -1)) + -4 a composite number?
False
Let j(d) = -105*d - 38. Suppose 0 = 2*q - 17 + 33. Is j(q) a prime number?
False
Suppose 89217 = -8*s - 16975. Is 1/(-2*1/s) a prime number?
True
Let t(x) = -5*x - 75. Let f be t(-16). Is (7524/30 - 1)*f a prime number?
True
Suppose -142 = -34*d + 62. Let f(p) = 2362*p + 197. Is f(d) composite?
False
Suppose -c - 2*j + 7559 = 0, 4*c - c + 2*j = 22665. Let k = 11194 - c. Is k composite?
True
Let f(t) = 34158*t + 4925. Is f(19) a prime number?
True
Suppose 2*u - 2907 = 3*y, -13*u = -15*u + 4*y + 2902. Is u composite?
True
Let k = -89484 - -221857. Is k a composite number?
True
Let f = 34414 + 43317. Is f a composite number?
False
Let t(k) = 4*k**3 - 253*k**2 + 13*k + 81. Is t(64) prime?
False
Suppose -s + 1 = -3*c, -s - 2*c + 7 = 6. Let z be (82 - (3 - -1)) + (s - -2). Suppose 0 = -a + z - 12. Is a a composite number?
True
Is 305463 - ((-209)/1089*-11 - 2/18) a composite number?
True
Let n = -852 + 1526. Suppose 3*w - 7853 = -n. Is w a composite number?
False
Let n(c) = -c**3 + 24*c**2 + 7*c - 7. Let y be n(13). Let q = 3094 - y. Is q a prime number?
True
Let r be (-1)/((5/(-4926))/5). Let f = -1829 + 1829. Suppose -k + 7*k - r = f. Is k a prime number?
True
Suppose -4*x - 41 = -6*b + b, -2*x = -b + 13. Let h be (68/(-16) - x)*(1 - 1). Let d(p) = p**3 + p**2 + p + 431. Is d(h) composite?
False
Suppose 15*z = 8*z + 12*z - 318755. Is z composite?
True
Let i be (-109832)/3 - ((-56)/(-42) - 2). Let z = -6845 - i. Is z a composite number?
True
Let k(p) = 8*p - 19. Let a = -38 - -51. Suppose a*z - 4*z = 171. Is k(z) prime?
False
Suppose 89*d - 79*d - 144260 = 0. Is d a prime number?
False
Let q = 112970 + -49083. Is q composite?
True
Is -87*(-802)/3*(-2)/(-12)*3 a prime number?
False
Let h = -15634 + 37875. Is h a composite number?
True
Let n(w) = -152*w**2 - 3*w + 3. Let v be n(-3). Let z = -10 - v. Is z a composite number?
True
Suppose 13 = 4*i + 3*h, h = -i + 4*h + 22. Suppose i*y - 1963 - 2818 = 0. Is y prime?
True
Let w(n) = -1428*n - 641. Is w(-51) composite?
True
Suppose 22*b - 7*b = 28725. Is b composite?
True
Is (-24)/60 + (-8)/5 + (-183001)/(-7) a composite number?
False
Suppose -g - b = -3, -2*b + 5*b = -5*g + 15. Is ((-31616)/12 + 7)/((-1)/g) prime?
True
Let l be (0 - 9/6)/(4/8). Let s be -1 + (-1)/(l/(-2226)). Let y = 380 - s. Is y a prime number?
True
Let s = -208 - -205. Is (8 - s)*(-955)/(-5) a composite number?
True
Suppose -m + 20 = -t + 5*t, 4*t - m - 12 = 0. Let a be 8 + (36/t)/(-3) - -1. Suppose -211 = -7*i + a*i. Is i a composite number?
False
Suppose 2*v = -4*v - 18. Let h be 36/54 - 13/v. Is ((-15)/(-2) - h)/(1/122) a prime number?
False
Suppose -13*q - 5*q = -835974. Suppose -q - 131834 = -19*s. Is s a composite number?
True
Let k(q) = -3*q**3 - 241*q**2 - 158*q - 155. Is k(-80) prime?
False
Let s(g) = 144*g - 2*g**2 - 134*g - 7*g**2 + 7. Let d(n) = 19*n**2 - 21*n - 15. Let k(v) = -3*d(v) - 7*s(v). Is k(9) a prime number?
True
Let i = 35731 - 17816. Is i a composite number?
True
Suppose 5*s + 8*n - 1437671 = 10*n, -4*n - 575078 = -2*s. Is s a composite number?
True
Is 487389/189 + 4/18 composite?
False
Suppose -202 = 83*s - 85*s. Suppose -96 = g - s. Suppose 2*j - 1543 = -p, 2*p + g*j - 7695 = -3*p. Is p a prime number?
False
Let f(l) = -l**3 + 2*l**2 + 8*l. Suppose 10*i - 8*i - 8 = 0. Let t be f(i). Suppose t = -9*r + 11*r - 1338. Is r a prime number?
False
Let q(z) = 11232*z**3 - z**2 - 4*z + 6. Let p be q(2). Suppose 0 = -5*c + 5*n + p, -26234 = -2*c + 4*n + 9716. Is c composite?
True
Suppose -36*y - 8 = -28*y. Let v(k) = 3268*k**2 - 5*k - 4. Let z be v(y). Suppose 0 = 29*a - 22*a - z. Is a prime?
True
Let d(u) = -u**3 - 44*u**2 - 84*u + 8. Let c be d(-42). Suppose c*v + 1894 = 31006. Is v a composite number?
True
Suppose 0 = 2*k + 2*f - 18 - 0, -k + 5*f = -21. Suppose k*l + 9*l = 4260. Is l a prime number?
False
Let p(n) = 195*n**2 - 3*n - 2. Let a(i) = -584*i**2 + 9*i + 5. Let h(u) = 6*a(u) + 17*p(u). Let z be h(2). Is (-1)/(z/251 + 3) - 0 prime?
True
Suppose 67*x - 72*x + 949735 = 0. Is x a composite number?
False
Suppose 346004 = 54*i + 44*i - 94*i. Is i a prime number?
True
Let a = -708 + 707. Is (-1 + 5 + a)*4078/6 a composite number?
False
Suppose l + 6 = 4. Let v be 5/(45/l) + 20/9. Is ((-33)/22 + 1/v)*-2213 prime?
True
Let k = 15087 - -13190. Is k composite?
False
Let m = -4149 - -8872. Let b = 9404 - m. Is b composite?
True
Let f(p) = 60*p**2 + 20*p + 86. Let q be f(10). Let c(t) = t. Let y be c(3). Suppose l + 4*a = -0*l + 1271, -5*l + y*a + q = 0. Is l composite?
False
Suppose s - 10*o = -11*o + 4, 3*s = 2*o + 27. Suppose 3